 Calculate the greatest common factor of 55 and l.
11
Suppose 0*b + 13*b = -16*b + 2784. Calculate the highest common divisor of b and 5856.
96
Let t = 32215 - 32200. Calculate the highest common factor of t and 1705.
5
Let s(b) = b**2 - 14*b + 620. Let n be s(0). Calculate the greatest common factor of 372 and n.
124
Let z = -25085 - -25395. What is the highest common factor of 2666 and z?
62
Let b = -39 - -15. Let g be (-24)/10*(b + (-4)/4). Suppose -20*m + 18*m + g = 0. Calculate the highest common factor of 15 and m.
15
Suppose -601 - 139 = -20*j. Suppose -19*o + 5*b - 210 = -24*o, 4*b + j = o. Calculate the highest common factor of 451 and o.
41
Suppose 6*d - 16 = 14. Let t(u) = u**2 - 10*u + 26. Let k be t(d). Let b be -4 - -12 - (2 - (-1 - k)). Calculate the highest common divisor of 24 and b.
4
Let x(u) = 6*u**3 - 77*u**2 + 30*u - 7. Let y be x(13). Let n be 8/(-36) + (-416)/(-9). What is the highest common divisor of n and y?
46
Let k(y) = y**3 + 2*y**2 - 3*y + 2. Let z be k(1). Let r(h) = -2 - 5 + h + z*h - 14. Let x be r(14). What is the highest common factor of x and 3?
3
Let o = 482 + -117. Suppose 0 = -4*x + 3*w + 292, -365 = -5*x - 10*w + 11*w. Calculate the greatest common factor of o and x.
73
Let a(j) = 3*j + 5124. Let q be a(71). Calculate the highest common divisor of q and 18.
9
Let h = -702 + 744. Suppose -2*c - 6 + 24 = 0. What is the highest common divisor of c and h?
3
Let g = -392 + 394. Suppose 2*z + 8 = 0, g*p - 4*z - 54 = -z. What is the highest common divisor of p and 168?
21
Suppose -7598 = -74*d - 102*d + 45*d. What is the greatest common divisor of 2378 and d?
58
Let c(m) = 97*m + 1055. Let y be c(-10). What is the greatest common factor of y and 25?
5
Suppose 4*h - 54 + 22 = 0. Suppose h*m - 11 = 53. What is the greatest common divisor of m and 12?
4
Let m be (-12 - -6)/(0 + -1). Let c be 16 + m + -6 - 8. What is the greatest common factor of 8 and c?
8
Let h be (832/26)/(1*(-2)/(-12)). Let s = -175 + h. What is the greatest common factor of s and 17?
17
Suppose 50 = 30*z - 28*z. Let g = z + 79. What is the greatest common divisor of 39 and g?
13
Let o = 1132 + -1098. Let c be ((-2)/(-5))/((-252)/255 + 1). Calculate the highest common divisor of o and c.
34
Suppose 3*a - 9 = 3*z, 0 = -4*a + 116*z - 114*z + 14. Suppose -10 + 3 = -2*q - 5*b, -5*b - 35 = -5*q. What is the greatest common factor of a and q?
2
Let w be -84*132/(-36) + -12. What is the highest common factor of w and 8?
8
Let t be ((-4708)/642)/(4/(-1938)). What is the greatest common factor of t and 1309?
187
Let a = -6446 - -17360. What is the greatest common divisor of 306 and a?
102
Let n = 186 - 250. Let t = n + 94. Calculate the highest common factor of 20 and t.
10
Suppose -14*p = -25*p + 264. Suppose 0 = -p*y + 62*y - 7714. Calculate the greatest common factor of y and 87.
29
Let r(n) = 189*n + 7582. Let h be r(-40). Calculate the greatest common divisor of h and 649.
11
Let o = -3519 + 3601. Calculate the greatest common divisor of 2009 and o.
41
Let g = -10 + 17. Suppose 3*q = -k + 45, q - 3*k + 37 = 3*q. Let b be q/((-55)/10 - -6). What is the greatest common divisor of g and b?
7
Let i be 14/20*267 - 167/(-1670). Calculate the highest common divisor of i and 88.
11
Let f = 24403 - 24363. What is the highest common factor of f and 640?
40
Suppose 105 - 42 = w. Suppose 9*h - 2*h = w. What is the highest common factor of 36 and h?
9
Let g = -972 - -1674. Let o = g + -667. Suppose -y + 4*y = 0, 5*c = 5*y + 70. What is the greatest common divisor of o and c?
7
Let s be (4/(-3))/(4/18). Let f(y) = -12*y + 9. Let d(k) = 5*k - 5. Let x(a) = 9*d(a) + 4*f(a). Let p be x(s). Calculate the greatest common divisor of 1 and p.
1
Let i(z) = -2*z**3 - 3*z**2 + z - 1. Let t be i(-3). Suppose -1383 = -20*l - 3. Calculate the greatest common factor of t and l.
23
Let x = 1 - 1. Let m = 509 - 510. Let f be 66/((-11)/44 - (m + x)). Calculate the greatest common divisor of f and 8.
8
Let j(p) = 14*p + 105. Let d be j(-8). Let s(i) = 2*i**2 - i - 15. Let o be s(d). Calculate the highest common divisor of o and 50.
10
Let r(v) = v**3 - 2*v**2 + v - 4. Let l be r(3). Let j be (6/8)/(6/24). Let q be -4*(j + (-13)/(-12)*-3). Calculate the greatest common factor of q and l.
1
Let o = 554 - 250. What is the highest common divisor of o and 76?
76
Let r(f) = -9*f + 2. Let d(h) = 2. Let o(i) = 5*d(i) - r(i). Let b be o(8). What is the highest common factor of 60 and b?
20
Suppose 3*s - 8 = 2*t, -4*t - 19*s - 16 = -23*s. Let y be ((-12)/18)/(t/294). Calculate the highest common factor of 63 and y.
7
Let l(j) = 6*j + 36. Let a be l(9). Let p(q) = -q**3 - 19*q**2 - 2*q - 28. Let t be p(-19). What is the greatest common factor of t and a?
10
Let w be -27 - -32 - 1/(1/(-127)). Let x = -75 + 79. Suppose x*y = p + p - 66, -165 = -5*p - 2*y. What is the greatest common divisor of p and w?
33
Let t be -614 - -501 - (6/(-15) - (-22)/5). Let b = -382 + 634. Let y = t + b. What is the highest common factor of y and 90?
45
Let v = 23 - -29. Let i = 3186 + -3173. What is the highest common factor of v and i?
13
Let p(v) = 59*v - 6. Let j = 51 + -52. Let a be p(j). Let i = -59 - a. What is the highest common divisor of i and 24?
6
Suppose 22090 = -43*s + 163173. What is the highest common factor of s and 17?
17
Let k be (-3)/(-24)*578 - (-5)/(-20). Let p = k - 66. Suppose -4*s = -p*s + 30. Calculate the greatest common factor of 15 and s.
15
Let o = 43 - 34. Suppose -10 = 2*a - i - 157, 2*a - 4*i = 138. What is the highest common divisor of a and o?
3
Suppose 64*o - 982 = -470. Calculate the highest common divisor of o and 1688.
8
Let d = 7750 + -6850. Calculate the greatest common factor of 32 and d.
4
Let x(o) = 47*o - 195. Let i(z) = 49*z - 193. Let u(r) = 2*i(r) - 3*x(r). Let s be u(4). What is the greatest common factor of s and 63?
9
Suppose -6318 = -36*g - 5*g - 13*g. Calculate the greatest common factor of 65 and g.
13
Let z(f) = -f**3 - 16*f**2 - 31*f - 15. Let v = -350 - -336. Let j be z(v). What is the greatest common factor of 72 and j?
9
Let q(p) = 4*p + 5. Let b be q(-5). Let x be 12*(b/9 + 1). Let s(g) = g**3 + 7*g**2 - 11*g - 7. Let u be s(x). What is the highest common factor of 102 and u?
17
Suppose 0 = 5*g - 2*t - 23, 5*g + 2*t - 10 = -3. Suppose 2*i - i - 35 = -2*x, g*i - 5*x - 94 = 0. What is the highest common divisor of 110 and i?
11
Let m(p) = 10*p**2 + 76*p - 12. Let w be m(-10). Calculate the greatest common divisor of 1425 and w.
57
Suppose 6*t + 60 = 204. Let q be (1 - 10/5) + 9. Suppose q*j = 5*j + 648. What is the greatest common divisor of t and j?
24
Suppose 2*x = r + 4380 + 7390, 2*x = 4*r + 11782. What is the greatest common divisor of 111 and x?
111
Let y(a) = a**2 - 23*a + 63. Let i be y(26). Calculate the highest common factor of i and 47.
47
Suppose -64*n + 161*n = 82*n + 25950. Calculate the greatest common factor of n and 370.
10
Let y be (-99)/(-66)*51/18*4. Suppose 29*m - 108 = y*m. What is the greatest common factor of m and 9?
9
Suppose b - 5*j + 535 - 532 = 0, -b = 2*j - 25. Calculate the greatest common factor of 5627 and b.
17
Suppose -121 = 4*b - 3*w, 5*b - w + 153 = w. Let m = -29 - -67. Let p = m + b. Calculate the greatest common factor of 77 and p.
7
Suppose 0 = -151*j + 324062 + 104627. Calculate the greatest common divisor of j and 2672.
167
Let n = 334 + -34. Suppose -350 = 293*d - n*d. Suppose g - 31 = -6. What is the greatest common factor of d and g?
25
Let o = 4286 + -4211. What is the highest common divisor of 3575 and o?
25
Suppose -3*c - 6927 = -4*g, 0 = -30*g + 31*g - 5*c - 1719. Calculate the greatest common factor of 6 and g.
6
Suppose 5*h = 8*h. Suppose m - 84 - 150 = h. What is the greatest common factor of 26 and m?
26
Suppose 4*k + 80 = 4*o + 8, 2*k + 78 = 5*o. Let m(n) = -n**2 + 49*n + 109. Let c be m(51). Calculate the highest common divisor of c and o.
7
Suppose -1606 = -3*j + 983. Let m = -467 + j. Calculate the highest common factor of 99 and m.
99
Suppose 6366 = y - 4*o - 572, -13897 = -2*y + 5*o. Calculate the highest common factor of 18 and y.
18
Let w be (371 + 1)/(-23 - -24). Let u = 484 - w. Calculate the highest common divisor of 48 and u.
16
Let l(c) = 3*c**2 + 1. Let x be l(-1). Suppose 0 = -3*j + 